 + 39.
28
2 + 7 + -2 + 25 + -18
14
Calculate 2 - (-1 + -2 - (-8 - -5)).
2
Calculate (-6 - 2) + (-10 - (-11 - -5)).
-12
-27 - ((-9 - -3) + -12)
-9
Evaluate -2 + -3 - (-2 - 3) - (2 - 4).
2
67 + -77 + (2 - 3) + 9
-2
20 - ((6 - (6 + -7 + 9)) + -2)
24
-4 + 13 + -7 + (-13 - 10)
-21
What is the value of 31 - (34 - 14) - (8 - 1)?
4
What is 20 - 15 - ((0 - -2) + 9)?
-6
Evaluate 3 - -6 - 3 - 19.
-13
What is the value of (23 - (-9 + 79)) + 45?
-2
Evaluate -5 + (20 + -18 - (10 + -2)).
-11
What is -1 + 0 + (-6 - -19 - 16)?
-4
Calculate 3 + -9 + 4 - 5.
-7
(7 - 15) + 25 + -3
14
Evaluate 4 + 3 + 2 + -16 + 8.
1
Evaluate (-1 - -9 - (2 - (12 + -12))) + 1.
7
(5 - 0) + 6 - (-44 - -30)
25
2 + 20 + (612 - 642)
-8
What is the value of 4 - (20 + -11) - -10?
5
(2 - 26) + 1 - (-10 - (-1 - 3))
-17
What is the value of -125 + 146 + 2 + -2 + -13?
8
Evaluate 0 - (5 - 13) - (-15 - (8 + 0)).
31
Calculate 2 + 10 + (-10 - (6 + -13)).
9
What is 4 + 34 + (-32 - 0)?
6
What is -5 + -8 + 5 - (-228 + 238)?
-18
Calculate -33 + 21 + 2 + 9.
-1
What is the value of -68 + 64 - (-21 + 3)?
14
5 + 4 + 2 - 11
0
Evaluate (15 - (18 + -12) - 1) + -22.
-14
(-15 - -37 - 28) + 33 + 0
27
Calculate -2 + (4 + -9 + 6 - -1) + -8.
-8
What is the value of (-4 + -3 - 1) + (-7 - (-6 + 1))?
-10
(-7 - -15) + (12 - (7 - 4) - 3)
14
Calculate (-43 - -104) + -62 - (1 + 8).
-10
Evaluate (-4 - 1) + (-13 - (-11 + -14 + 9)).
-2
Calculate -9 - ((-4 - -1) + (-1 - 1)) - -13.
9
(-69 - -21) + 2 + 38
-8
-3 + 1 + 5 + -14 + 57 + -50
-4
-1 + 1 + (3 - -6 - 26)
-17
(9 - (11 - (10 + 0))) + -7
1
Evaluate -5 + (-9 - (-7 - 22)) - 36.
-21
Calculate -16 + -1 - (-200 + 191).
-8
What is the value of (-9 - (-5 + -6)) + (2 - (3 + 5))?
-4
Evaluate -27 + 16 + -18 - -14 - 4.
-19
What is the value of 8 + 10 + 4 + -36?
-14
What is the value of (-6 - 0) + 1 + -8 - (8 + -1)?
-20
What is the value of -4 + 11 + (31 - (8 + 29))?
1
Evaluate -4 - (22 + -50 - (-5 + 9 - 16)).
12
36 + 0 - (-76 + 69 - (-11 + -1))
31
Evaluate 29 + 21 + -60 + 1 + (2 - 1).
-8
What is the value of (9 - 1) + 7 + 0 + (-8 - -3)?
10
Calculate -3 + (12 - 4) + 2 + -28 + 0.
-21
What is the value of 1 - 8 - (-13 + 0)?
6
Calculate (11 - -2) + (-4 - (7 - 17)).
19
Evaluate -36 + -11 + 20 + 11.
-16
1 + -6 + 5 + -4 - -2
-2
Calculate (-17 - 26 - -44) + 1 + 7.
9
Evaluate -6 - -21 - (19 + -11).
7
Evaluate 0 - 2 - (4 + -4 + 5 + -9).
2
What is the value of -1 - -4 - (-36 + 21) - (-2 + 10)?
10
-2 + 0 + (-113 - -100) + 4
-11
What is the value of 0 + -2 - (-11 - -29) - (-11 + 5)?
-14
Calculate -10267 + 10264 - (1 - (-4 + 0)).
-8
What is the value of 7 + -10 + 4 + 7 + -13 + -24?
-29
What is the value of -33 + 53 + -1 + 2 + 6?
27
(43 - 97) + 57 + (0 + -2 - -10)
11
Calculate 9 - 0 - (-41 + 47).
3
9 + (-3 - ((-2 - 12) + -2))
22
What is 36 + 8 + (-21 - 2)?
21
Evaluate 0 - -12 - (30 + -8 - 10).
0
What is the value of -3 - (-4 - (23 - -6 - (-3 + 11)))?
22
Evaluate -8 - (25 - 26 - (-6 - 0)).
-13
(-10 - -27) + (4 - (1 + -2)) + -3
19
Calculate -12 + 0 + 19 - -11.
18
What is (31 - (17 + 2)) + -8 + -2?
2
What is -26 - (7 + -3 + 0 - (-76 - -79))?
-27
What is 2 - -3 - (15 - (8 + 7)) - 13?
-8
Evaluate -389 + 386 + 0 + (2 - -1).
0
What is 9 + 7 + -2 + -13?
1
Calculate (-10 - 0) + 11 + (7 - -21).
29
(25 - (9 + -10)) + (3 - 10)
19
-8 - (27 - 21) - 12
-26
What is -6 - (0 + 2) - -18?
10
Calculate -30 + -9 + -9 - -27.
-21
Evaluate ((0 - 6) + 10 + 3 - 8) + -6.
-7
Evaluate -8 - ((-8 - -8) + 6).
-14
Calculate (295 - 310) + (1 - -11).
-3
Evaluate (0 - 12 - -1) + (-458 - -472).
3
Calculate -51 + 0 - (-2454 - -2432).
-29
What is the value of 7 + (1 + -7 - (-2 - (4 + -2)))?
5
What is the value of -108 + 109 - (-1 - 5) - -4?
11
What is 24 - (10 + (17 - 15))?
12
What is -8 + 2 + -3 + -22?
-31
What is 6 + (-36 - -15 - -6)?
-9
Calculate 4 + (-18 - (-44 - -11)).
19
-5 + (14 - (-12 + (-12 - -10) - -3))
20
What is the value of 1 + (0 - (-2 - 12)) + -7 + -10?
-2
Calculate (5 - -6) + (6 - 6).
11
What is the value of 3 + -3 + (-7 - (-7 + 7))?
-7
-19 + (4 - -9) - -8
2
Calculate -3 + 27 - (17 + (-19 - (-12 - -3))).
17
What is the value of -3 + 1 + 5 - (-15 + 11)?
7
Calculate -6 - (-4 - -3) - (13 + -8).
-10
Evaluate (7 + 21 - 25) + 1 + (1 - 16).
-11
Evaluate (16 + -8 - 8) + 5 - (-7 - 10).
22
What is -1 - (2 + 1 - 4) - 25?
-25
-1 + -2 - ((2 - 3) + -11 + 5)
4
-206 - -224 - (0 - -31)
-13
Evaluate (-15 - (-6 - -1)) + 6.
-4
Calculate -16 - -6 - ((-4 - 25) + 11).
8
Calculate -4 + (1 - 3) + -2.
-8
Evaluate 11 - 2 - (-25 - (16 - 55)).
-5
Evaluate (-12 - (7 - -3 - 27)) + -11 + 1.
-5
What is the value of 4 - (-7 + 5 - 3) - 4?
5
What is the value of 1 - (1 - 8) - (21 - (0 + 3))?
-10
What is -10 + (-10 - 0) + 12 + -1 + 5?
-4
What is 35 + 1 + (239 - 270) + (0 - -23)?
28
Calculate 87 + -102 - (-22 + 3).
4
Calculate 0 + 5 + (389 - 396) - -21.
19
What is (1 + -4 - 6 - -7) + 21?
19
Evaluate (-6 - -24) + 12 - 21.
9
Evaluate 2 + -5 + 1 + -1 + 4.
1
Evaluate -11 + 3 + -6 - -10.
-4
What is the value of -5 + (-9 - 30) + 5?
-39
What is the value of -9 - (-9 - -6 - 9)?
3
Evaluate -11 + 7 + -4 + 9 + 2.
3
Calculate -2 + 14 + (-2 - (0 + 7)).
3
-2 - -6 - (-490 - -501)
-7
What is 15 + (-19 + -12 - -7)?
-9
What is (-2 - 13) + (-1 + 11 - (6 - 0))?
-11
Evaluate 5 + 2 + (-42 - (-16 - 10)).
-9
What is -8 - (0 - (6 + 5))?
3
5 + (-16 - -6 - -6) - 17 - -4
-12
Evaluate (222 - 204) + (4 - 6) + -18.
-2
Calculate (-4 - 6) + -4 + (3 + 0 - 3).
-14
-21 - ((-21 - -22) + -33)
11
Evaluate 7 + 24 - 31 - (-6 - (0 + -1)).
5
(-7 - -5) + (17 - 4 - 6)
5
Calculate -16 + (0 - -14) + (1 - 2).
-3
What is (0 - 4) + -6 + -6 + 12 + -22?
-26
Evaluate -74 + 70 - ((-1 - 2) + 1 + -2).
0
Evaluate (6 - 14) + 11 + -3 + (-14 - -47).
33
Evaluate 12 + 5 + 21 + -24.
14
Evaluate (14 - (0 + -4)) + -6 - (-3 - 1).
16
2 + 2 + (7 - 1) + (-1617 - -1617)
10
What is 106 + -123 - ((2 - 34) + -3)?
18
Calculate -2 + 23 + -1 - (-12 + 12 + 4).
16
Calculate -38 + (-16 - -29) + 18.
-7
Calculate (-28 - -8 - -37) + -27.
-10
Calculate -11 + 4 - ((-24 - 3) + 0 - -4).
16
What is the value of -31 + (-2 - 4 - (-24 + 6 + 2))?
-21
Calculate 6 + -1 - 3 - ((8 - -3) + -2).
-7
What is 18 + (-28 + 33 - 22)?
1
What is the value of -3 - ((1 - 2) + -3 + (8 - 0))?
-7
Calculate 5 + (-2 - -4 - (5 - -1)) + -7.
-6
What is -5 + 20 + (-2 - (-14 - -7 - -1))?
19
Evaluate -38 + 66 + -4 + -16 - (-2 + 17).
-7
What is the value of (5 - (-5 + (13 - 2)) - -6) + -1?
4
(1107 - 1094) + (10 - 0)
23
Evaluate 9 + -18 + 4 + 6 + -6.
-5
What is 2 + 12 + (-20 - -21) - 35?
-20
What is the value of (-4 - (-6 + -1)) + 6 + -10?
-1
Evaluate (0 - 10) + 10 + 8 + 5.
13
Calculate (1 - 5 - (-5 + 6)) + 18.
13
Evaluate 11 + (-14 - (-1 + -21)).
19
What is -6 + (-11 - -15) + -6?
-8
Evaluate 74 + -72 - (-2 + 4 + -9).
9
What is the value of (-27 - -36) + (2 - (-1 - -3)) + -3?
6
Calculate -21 - (-47 + 21 + -9).
14
14 + (1 - 6) - (22 - 17)
4
Evaluate 18 + (-10 - 11) + (-2 + 2 - 6).
-9
10 + (-26 - -15) + 0
-1
What is the value of 18 + (-10 + 4 - 2) - 4?
6
What is the value of 28 - (2 + (2 - -8) + 2)?
14
2 - (3 - -9) - (-24 - -21)
-7
Calculate (-2 + 1 - -16) + 236 + -230.
21
Calculate (20 - (-25 + 73)) + 11.
-17
What is -1 - (72 + -72 + (-2 - (3 - 1)))?
3
What is the value of 12 - (-12 - (-15 + 9 + -4 + 12))?
26
Evaluate 3 - (-19 + (-24 - -34)).
12
What is the value of 4 + (17 - (13 - 1))?
9
What is the value of 0 - 0 - (12 + 7 + -6 + 0)?
-13
Evaluate -2 + (4 - 3 - -1) - 10.
-10
Calculate 29 - 38 - 27 - -34.
-2
What is 9 + -11 - ((2 - -25) + -60 + 58)?
-27
Evaluate 34 - 8 - (-9 - -54).
-19
What is 0 - (-4 + 5 + 3 + (1 - 1))?
-4
Evaluate -23 + (-26 - -46) - -7.
4
What is the value of 0 - -7 - (-420 - -447)?
-20
What is the value of 20 + (6 - 29 - 16) + 1 + -1?
-19
Evaluate 6 - -1 - 8 - (-2 - -10).
-9
What is the value of -322 + 318 - (-2 - 24)?
22
What is (0 - -2 - 8) + 12 + (-28 - -23)?
1
What is 9 + 12 + -1 + -1?
19
Calculate -4 - -50 - (19 + -21 + (11 - -2)).
35
-11 + (0 + 12 - (-117 + 111))
7
What is the value of -15 - (5 - (8 - -11))?
-1
2 + -26 + (5 - (4 + 0))
-23
What is the value of 14 + (0 - 10) + -15?
-11
Evaluate -8 + 16 + -8 + -7 - 11.
-18
Calculate -3 - 0 - (-345 + 351).
-9
Evaluate 2 + 38 + -15 + -28.
-3
What is the value of (-16 - (4 - 25)) + (-1 - (-1 + 15))?
-10
0 + 8 + 120 + -120 - -3
11
Calculate -1 + 8 + 4 + -40 + 23.
-6
-23 + 6 + 16 - -10
9
Evaluate (1 - 3)